{"version":"1.0","provider_name":"Magyar Kovaf\u00f6ld","provider_url":"https:\/\/magyarkovafold.cafeblog.hu","author_name":"Magyar Kovaf\u00f6ld","author_url":"https:\/\/magyarkovafold.cafeblog.hu\/author\/magyar_kovafold\/","title":"Kapcsolat","html":"<p>Kovaf\u00f6ld,mert csodaszer!<\/p>\r\n<p>Fordulj bizalommal KOVAF\u00d6LD szak\u00e9rt\u0151inkhez!<br \/>Ha k\u00e9rdezni szeretn\u00e9l, eg\u00e9szs\u00e9g\u00fcgyi probl\u00e9m\u00e1kkal kapcsolatosan, akkor \u00edrd meg pr<span class=\"text_exposed_show\">iv\u00e1tban ide a face-re, vagy a kovafoldkovafold@gmail.com email c\u00edmre.<br \/>A beszerz\u00e9ssel kapcsolatosan k\u00e9rj\u00fck, \u00edrd meg a telefonsz\u00e1modat, \u00e9s hogy, az orsz\u00e1g mely ter\u00fclet\u00e9n \u00e9lsz, ter\u00fcleti k\u00e9pvisel\u0151nk visszah\u00edv,\u00e9s minden inform\u00e1ci\u00f3t megkapsz a k\u00e9rd\u00e9seidre.<br \/><br \/>A MAGYAR kovaf\u00f6ld csod\u00e1latos hat\u00e1saival foglalkozunk.Magyar emberek akik itt \u00e9l\u00fcnk,a Magyar kovaf\u00f6ld gy\u00f3gy\u00edt\u00f3 rezg\u00e9se jobban hat r\u00e1nk.<br \/>Arr\u00f3l tudnod kell, hogy ez a kovaf\u00f6ld nincs fel jav\u00edtva semmivel, t\u00f6m\u00e9ny szil\u00edciumot tartalmaz.<br \/>A szil\u00edcium n\u00e9lk\u00fcl nem lenne \u00e9let a F\u00f6ld\u00f6n. Ez az elem az egyik leggyakrabban el\u0151fordul\u00f3, a term\u00e9szetben minden\u00fctt megtal\u00e1lhat\u00f3 nyomelem.<br \/>A kovaf\u00f6ldnek, ennek a teljes m\u00e9rt\u00e9kben term\u00e9szetes anyagnak a legf\u0151bb \u00e9p\u00edt\u0151k\u00f6ve a Szil\u00edcium-dioxid (kb. 85%).<br \/>Ezen k\u00edv\u00fcl sz\u00e1mos \u00e1sv\u00e1nyi anyag \u00e9s nyomelem is megtal\u00e1lhat\u00f3 benne.<br \/>Az \u00e1ltalunk forgalmazott kovaf\u00f6ldet Magyarorsz\u00e1gon termelik ki \u00e9s sz\u00e1raz \u0151rl\u00e9si technol\u00f3gi\u00e1val por\u00edtj\u00e1k.<br \/>Vegyi kezel\u00e9sen nem esik \u00e1t, ennek k\u00f6vetkezt\u00e9ben kiv\u00e1l\u00f3 \u00e1sv\u00e1nyi anyag tartalma nem v\u00e9sz el.<\/span><\/p>\r\n<p><img class=\"size-medium wp-image-40 alignright\" src=\"https:\/\/magyarkovafold.cafeblog.hu\/files\/2016\/12\/magyarkovaf\u00f6ld-248x300.jpg\" alt=\"magyarkovafold\" width=\"248\" height=\"300\" \/><br \/>kovafoldkovafold@gmail.com<\/p>","type":"rich","thumbnail_url":"https:\/\/magyarkovafold.cafeblog.hu\/files\/2016\/12\/magyarkovaf\u00f6ld-150x150.jpg","thumbnail_width":150,"thumbnail_height":150}

Magyar Kovaföld

<p>Kovaföld,mert csodaszer!</p>
<p>Fordulj bizalommal KOVAFÖLD szakértőinkhez!<br />Ha kérdezni szeretnél, egészségügyi problémákkal kapcsolatosan, akkor írd meg pr<span class="text_exposed_show">ivátban ide a face-re, vagy a kovafoldkovafold@gmail.com email címre.<br />A beszerzéssel kapcsolatosan kérjük, írd meg a telefonszámodat, és hogy, az ország mely területén élsz, területi képviselőnk visszahív,és minden információt megkapsz a kérdéseidre.<br /><br />A MAGYAR kovaföld csodálatos hatásaival foglalkozunk.Magyar emberek akik itt élünk,a Magyar kovaföld gyógyító rezgése jobban hat ránk.<br />Arról tudnod kell, hogy ez a kovaföld nincs fel javítva semmivel, tömény szilíciumot tartalmaz.<br />A szilícium nélkül nem lenne élet a Földön. Ez az elem az egyik leggyakrabban előforduló, a természetben mindenütt megtalálható nyomelem.<br />A kovaföldnek, ennek a teljes mértékben természetes anyagnak a legfőbb építőköve a Szilícium-dioxid (kb. 85%).<br />Ezen kívül számos ásványi anyag és nyomelem is megtalálható benne.<br />Az általunk forgalmazott kovaföldet Magyarországon termelik ki és száraz őrlési technológiával porítják.<br />Vegyi kezelésen nem esik át, ennek következtében kiváló ásványi anyag tartalma nem vész el.</span></p>
<p><img class="size-medium wp-image-40 alignright" src="https://magyarkovafold.cafeblog.hu/files/2016/12/magyarkovaföld-248x300.jpg" alt="magyarkovafold" width="248" height="300" /><br />kovafoldkovafold@gmail.com</p>

https://magyarkovafold.cafeblog.hu/files/2016/12/magyarkovaföld-150x150.jpg
